 the thousands digit of r?
8
Let g = -3165 - -15297. What is the tens digit of g?
3
Let f = 4407 + -4403. Let n be (2 - 0)/(2/(-2)). What is the units digit of (4/8 + f)/(n/(-4))?
9
Suppose 0 = -4*o - 3*v - 4 + 27, o - 22 = -4*v. Suppose 2*z - 10 + o = 0. Suppose -z*n = -3*c - 139 - 46, -2*c + 143 = 3*n. What is the tens digit of n?
4
Suppose m + 4*q = 138, 10 - 4 = 2*q. Let a be (-88)/14 - -6*6/m. What is the units digit of (a + -11 + 3)*18/(-4)?
3
Suppose -c + 4480 = -3*m + 1202, -5*c - 5*m + 16470 = 0. What is the hundreds digit of c?
2
Let o = 3142 + -3041. What is the hundreds digit of o?
1
Suppose -3*b - 927 = -o, b - 2788 = -3*o + 3*b. Suppose -o = 14*r - 160. What is the hundreds digit of r/(-15) - 3 - (-796)/3?
2
Let r = 6066 - 2300. What is the hundreds digit of r?
7
Suppose -2*d - 22 = -0*d + 2*h, 90 = -5*d + 2*h. What is the tens digit of (3218670/(-80))/(-27) - (-2)/d?
9
Let u = -1 + 10. Let q be (-3)/u*2*-6. Suppose -4*h + q*m + 507 = 9*m, 0 = 2*h - 5*m - 231. What is the hundreds digit of h?
1
Let q(u) = -9*u - 3. Let d be (-2)/8 - (-253)/(-44). Let m(a) = -17*a - 7. Let j(p) = d*m(p) + 13*q(p). What is the units digit of j(-5)?
8
Let q(r) = -r**2 + 11*r - 5. Let t be q(10). Suppose 763 - 38 = t*v. What is the hundreds digit of v?
1
Suppose 3*x = 70*u - 73*u + 2181, -4*x - u + 2920 = 0. What is the hundreds digit of x?
7
Let v be (260/6)/((341/(-528))/(-31)). Suppose 9325 - v = 23*r. What is the units digit of r?
5
Suppose -3*o = -i - 2158 - 4821, o + 4*i - 2361 = 0. What is the hundreds digit of o?
3
Suppose 4 = -2*l + 6*l, 4*p = -l + 293. Let h = p + -73. Suppose 4*f - 28 = -u, -5*f + 112 = -h*u + 3*u. What is the tens digit of u?
4
Let v(c) = -62*c + 148. Let s(g) = -10*g**2 - 18*g - 18. Let i be s(-2). What is the units digit of v(i)?
2
Let h(q) = -q**3 + 11*q**2 - 4*q + 26. Let v be h(11). Let w(p) = -63*p + 288. What is the thousands digit of w(v)?
1
Suppose 0 = -2*x - 5*v - 4 - 13, -3*x + 4*v = -32. Suppose -3233 = -2*r - 5*d, 1056 = 4*r + x*d - 5404. What is the units digit of r?
4
Suppose -3*t = -x - 94545, -3*t + 3*x + 50619 = -43926. What is the hundreds digit of t?
5
Let o(a) = -8*a - 25*a + a**2 - 34 + 20*a. What is the units digit of o(26)?
4
Suppose -1058 = -3*f - 5*p + 6*p, 5*f + 3*p = 1754. Suppose -5*g + f = -g. Let w = -82 + g. What is the units digit of w?
6
Suppose 3 = -h + 5*z, 4*z = 3*h - 0*z + 9. Let r be (2/(-4))/(h/12). Suppose v = 4 + r. What is the units digit of v?
6
Let y(q) = 7*q**2 - 48*q - 238. What is the units digit of y(-29)?
1
Suppose 6*z = 12 + 18. Suppose 5*k - 18 = -4*s, 3*k - 4*k - z*s + 12 = 0. Suppose -12 = k*u + 3*c - 149, 0 = 2*u + 4*c - 134. What is the tens digit of u?
7
Let n be -14*(-7 + (-91)/(-14)). What is the units digit of 594 - (21/n + 4)?
7
Let t(r) = r**2 + 3*r - 37. Let j be t(5). Suppose 6*o = j*o + 504. What is the hundreds digit of o?
1
Let j = 19241 - 10948. What is the units digit of j?
3
What is the units digit of 16150 + -4 - (2 - -6)?
8
Suppose -2*c + 2*x = -10, -x = 8*c - 5*c + 5. Let k(m) = -4*m + 397. What is the units digit of k(c)?
7
Suppose -9 - 6 = -5*j. Suppose j*r - g - 12 = -0*r, -5*r + 20 = g. Suppose -5*f + 5 = 0, -r*f - 386 = -m - 2*m. What is the tens digit of m?
3
Let s = -429 + 457. What is the units digit of (-12)/(-28) - ((-1080)/s + 2)?
7
Let s = -20 - 34. Let u = s - -48. What is the units digit of (-1 + u)/(3*(-3)/117)?
1
Let l be (-338)/13*(-29)/(-2). Let u = 307 - l. What is the tens digit of u?
8
Let k = 76 + -71. Suppose -4*q + 3785 = -k*y, -q + 4*y + 955 = -5. Suppose -12*c + q = -7*c. What is the hundreds digit of c?
1
Let n(a) = 103*a - 125. Let r be n(16). Let x = r - 907. What is the units digit of x?
6
Let b = -28 - -29. Let u be (-12)/(-10)*5 - b. Suppose 5*i = -5*q + 570, -u*i = -5*q - 141 + 701. What is the tens digit of q?
1
Let p = -7791 + 18205. What is the hundreds digit of p?
4
Let m(i) = -i**3 + 17*i**2 + 51*i - 5. Let r be m(-18). Suppose -14*v + 5613 = -r. What is the thousands digit of v?
1
Let f(y) = 74*y - 9. Let s be 2/4 - 44/(-8). Let b be f(s). Suppose -3*m = 3*w - b, -3*w + 3*m + 141 = -276. What is the hundreds digit of w?
1
Let k be (-2 - (6 - 9))*16. Suppose -5*s + 25074 = k*s. What is the thousands digit of s?
1
What is the ten thousands digit of ((-3075675)/(-184) - -12) + 6/16?
1
Let v(l) = 40*l**2 + l + 4. Let m be v(-2). What is the units digit of (4/((-24)/m))/(1/(-11))?
7
Let j(o) be the second derivative of 11*o**5/60 - 17*o**4/8 - 7*o**3/2 - 3*o. Let v(q) be the second derivative of j(q). What is the hundreds digit of v(7)?
1
Suppose -4 + 274 = -18*c. What is the tens digit of ((-42)/c + -2)*4530/12?
0
Suppose -1 = -4*m + 3*n - 5, 2*n + 12 = -m. Let l be m/16 + 313/4. What is the units digit of (l/9)/((-8)/(-180))?
5
Suppose -2*n + 5*x - 3*x = 1250, 2*n + x + 1265 = 0. Let z = n + 1052. What is the hundreds digit of z?
4
Let g be (6 - 5)/(1*(-2)/(-422)). Suppose g + 3247 = 14*t. What is the hundreds digit of t?
2
Suppose -3*j + 369 = 5*k - 6*k, 5*k = 3*j - 357. Let o = j - -1281. What is the thousands digit of o?
1
Let a = 651 - 292. Let k = a + -179. What is the tens digit of k?
8
Let w be 2 - (4/(-26) - (-20)/130). Let t be 18*(w + (-8)/12). Suppose -8*j = -0*j - t. What is the units digit of j?
3
Suppose -2180*i = -2171*i - 574353. What is the tens digit of i?
1
Let w(z) = -34*z + 3. Suppose -2*b + 15 = -11. Suppose 5*k = -7*u + 3*u + b, -5*k = 2*u - 19. What is the tens digit of w(u)?
0
Suppose 54*z - 30*z - 23*z = 0. Let d = -3 - -11. Suppose z = s - 2*f - 75, 369 = -3*s + d*s - 4*f. What is the tens digit of s?
7
Let b = 926 - 934. Let w(d) = -6*d**2 - 8*d - 4. Let z(m) = -7*m**2 - 9*m - 5. Let c(a) = -6*w(a) + 5*z(a). What is the units digit of c(b)?
9
Let g(y) = 132*y**2 - y + 240*y**2 - 3 + 0*y - 84*y**2. What is the tens digit of g(-1)?
8
What is the units digit of ((364/16)/(-7))/(-10 - 69190/(-6920))?
9
Suppose -8*r = -5*r - 2202. Suppose -3*s - m = -5*s + r, 0 = -s + 3*m + 362. What is the units digit of s?
8
Suppose 67*m - 1509 - 836 = 0. Let v(r) = r**2 + 3*r - 2. Let n be v(2). Let c = n + m. What is the tens digit of c?
4
Let s = -78 + 81. Suppose 4*f + s*t = 1455, f + 1450 = 5*f - 2*t. What is the units digit of f?
3
Let w be ((3 + 1)/(-1))/(-2). Suppose h - 9 = -w*h. Suppose -h*l = -12 - 0. What is the units digit of l?
4
What is the ten thousands digit of (1271244/18 - 22) + 30/9 + -3?
7
Let l be 8/(-12) + (-115)/3. Let x = 279 + -309. Let q = x - l. What is the units digit of q?
9
Suppose 488 = 4*z - 4*j, 0 = 4*j - 2*j + 4. Let o = 31 + z. What is the tens digit of o?
5
Suppose -2*z + 3 = 5*s, 4*s - 7 = -3*z + 1. Let i be 8/z*(55 + 4). Let k = i - 83. What is the units digit of k?
5
Let v(d) = 19*d**2 + 4*d - 56. What is the units digit of v(16)?
2
Suppose -5*l = -3*n - 46181, 0 = 3*l + n - 8267 - 19436. What is the tens digit of l?
3
What is the tens digit of ((-13108)/(-48) - 20) + (-2)/24?
5
Let a(f) = -17*f**3 - 98*f**2 - 908*f + 6. What is the thousands digit of a(-9)?
2
Let n = -406 - 150. Let x = n + 813. What is the units digit of x?
7
Let m(c) = -5387*c - 513. What is the ten thousands digit of m(-3)?
1
Let d = -364 + 363. Let l(a) = -1264*a**3 + a**2 + 7*a + 7. What is the hundreds digit of l(d)?
2
Let u(v) = -6*v + 83. Let m be u(12). Suppose m*w + 8 = 30. What is the units digit of w?
2
Let q = 32 + -49. Let m = -18 - q. What is the units digit of -20*(m - 12/(-16))?
5
What is the units digit of (-109574)/(-6) + 44/12 + -4 + 1?
3
Let k(m) = -m**2 + 36*m - 4. Let p be k(27). Suppose 2*f - 327 = p. Suppose -n = 46 - f. What is the tens digit of n?
3
What is the units digit of 2/(-40) - ((-3270126)/120 + -1)?
2
Suppose 0 = -3*y + 3*k + 97542, -27*y - 3*k - 65027 = -29*y. What is the ten thousands digit of y?
3
Let q(l) be the second derivative of 13*l**3/3 - 207*l**2/2 + 147*l. What is the tens digit of q(13)?
3
Suppose -z + 26*z - 55242 = 14*z. What is the hundreds digit of z?
0
Let j(w) be the second derivative of w**4/6 + 31*w**2/2 - 65*w. What is the units digit of j(0)?
1
Suppose -5*w = 4*h - 4579, -2*h - 918 = -w - 5*h. Suppose 2*t + 0*t + w = q, -4*q = -3*t - 3675. What is the units digit of q?
1
Let x(m) = -m**3 - 12*m**2 + 10*m + 539. What is the units digit of